05?
80
Let i = -72 + 100. Suppose 5*z = -9 - 1. Calculate the remainder when i is divided by 980/55 + z/(-11).
10
Let r = -4697 + 5008. What is the remainder when r is divided by 58?
21
Let j = 11346 + -5378. Calculate the remainder when j is divided by 47.
46
Let c be (5 + -3)/(13/975). Suppose -4*f = -2*o + 66, 4*f = -5*o - f + c. Calculate the remainder when 650 is divided by o.
30
Suppose 31563 = 253*d - 23131 + 19021. What is the remainder when 1547 is divided by d?
137
Calculate the remainder when (-8)/(-12) + (-11)/(165/(-42245)) is divided by 281.
7
Let p be ((-44)/(-6) - 6)*3. Suppose -3*z - p*k - 141 = -6*z, 3*z - 144 = 5*k. Calculate the remainder when 169 is divided by z.
40
Suppose 36 = 221*r - 227*r. What is the remainder when r/8 - 14742/(-168) - 3 is divided by 29?
26
Let j = -2461 - -3930. What is the remainder when j is divided by 35?
34
Let g be (4/(-10))/(8/(-120)). Suppose -4*r - 5*z - 788 = 0, g*r + 591 = 3*r - z. Let l = -101 - r. What is the remainder when l is divided by 33?
30
What is the remainder when 150 is divided by (-5)/(-20) - 655/(-20) - 1?
22
Suppose 0*o + 3*o - 9 = 0. Let m(l) = l + 2*l**o - 11 + 788*l**2 - 792*l**2 - 6*l. Calculate the remainder when m(5) is divided by 9.
6
Let t(o) = 2*o**3 - o**2 + 4*o - 3. Suppose -2*c - 235*w = -234*w - 23, 2*c - 3*w = 27. What is the remainder when (c/9)/((-68)/(-8466)) is divided by t(2)?
13
Suppose 0 = 21*w - 5 - 172 + 9. Calculate the remainder when 63 is divided by w.
7
Suppose 2*z + 0*z + 2*v - 72 = 0, 3*z - 103 = 2*v. Let r be (z/20*1)/(3/(-12)). What is the remainder when -4 - (11 + -4)*114/r is divided by 23?
18
Suppose 815 = -14*m + 3041. Calculate the remainder when m is divided by 140.
19
Suppose n = -5*t + 364 + 66, 4*n - 4*t - 1792 = 0. Let f = n + -110. Suppose f = 4*o + o. What is the remainder when o is divided by 19?
10
Suppose 7*x - 4*x = 2*i + 1107, -5*i + 738 = 2*x. Suppose -7*d + 3*v = -4*d - x, 377 = 3*d - v. Calculate the remainder when d is divided by 16.
15
Let t(n) = -30*n - 119. Let q be t(-7). Let m = 637 - q. Calculate the remainder when m is divided by 110.
106
What is the remainder when (-2043)/(-6)*2/3 is divided by 19?
18
Let f = 2814 + -2793. What is the remainder when 457 is divided by f?
16
Let q = -38 + 65. Suppose 10*f - 3*l - 2 = 9*f, f = 2*l + 2. Suppose x + 3*h - 20 = 0, -f*x + 4*h = 6 + 4. What is the remainder when q is divided by x?
2
Suppose 0 = -4*c - 2*d + 6*d - 112, 0 = -c - 5*d - 40. Let w(n) = -5*n - 123. Calculate the remainder when 269 is divided by w(c).
26
Let t be (-12)/(-10)*120/48. Suppose -t*a = o - 31, 3*o + 5*a - 6*a = 83. Calculate the remainder when o is divided by 17.
11
Suppose -33*f - 10*f = -34615. Suppose -13*v - 10*v + f = 0. Suppose -6*h + 50 = -h. Calculate the remainder when v is divided by h.
5
Suppose 0 = -2*o - y - 73 - 81, 0 = 3*o - 3*y + 240. Let h = o + 81. Suppose h*c - 41 = 43. Calculate the remainder when c is divided by 8.
4
Suppose 28*u - 1313 = -529. Calculate the remainder when 505 is divided by u.
1
Suppose 761*t + 7920 = 382*t + 383*t. What is the remainder when t is divided by 8?
4
Let j(o) = -o**3 - 48*o**2 + 4*o + 227. Calculate the remainder when 545 is divided by j(-48).
20
Suppose 0 = -11*m + 227 + 202. Let p = 342 - -7. Calculate the remainder when p is divided by m.
37
Let g = 15565 + -15543. Suppose 4 = -4*y - 4*b, 2 = -3*b + b. Suppose 4*m + y*m = 20. What is the remainder when g is divided by m?
2
Let y = 2 - -11. Suppose -89 = -305*m + 826. What is the remainder when y is divided by m?
1
Suppose -24*f - 68*f = -15*f - 2772. Calculate the remainder when 1105 is divided by f.
25
Calculate the remainder when 997 is divided by 8 - ((-70)/(-10) - 9)*3/(-6).
3
Let w be 2 + 64/(-36) - 910/45. Let a = 23 + -2. Calculate the remainder when a is divided by 4*50/w*(-3)/5.
3
Suppose 9*a + 87 = 393. Calculate the remainder when 269 is divided by a.
31
Let k(i) = -12 + 9*i + i**2 + 13 + 15 + 14 + 0*i**2. What is the remainder when k(-7) is divided by 2?
0
Let c(a) = 15*a - 35. Calculate the remainder when 6*64/36*12 is divided by c(3).
8
Let j = 169 + -51. Suppose 25*r + 67 - 567 = 0. What is the remainder when j is divided by r?
18
Let r(s) = s**3 + 51*s**2 + 47*s + 78. Calculate the remainder when 1115 is divided by r(-50).
203
Let v(q) = -q**3 - q**2 - q + 10. Let y be v(0). Let r(k) = 3*k**2 + y*k - 15*k + k + 5 + 8*k**3. Calculate the remainder when r(2) is divided by 25.
23
Let l(a) = 868*a**2 - 8*a + 10. Calculate the remainder when l(1) is divided by 69.
42
Let b(r) = -17*r + 4. Let z(i) = 26*i - 6. Let k(u) = 7*b(u) + 5*z(u). Let x = 435 - 421. What is the remainder when k(5) is divided by x?
11
Let l = 4974 - 4790. What is the remainder when l is divided by 32?
24
Suppose 3*q - f = 378, 223 = 3*q + 4*f - 185. Calculate the remainder when 759 is divided by q.
119
Let x(y) be the first derivative of 41*y**2/2 + 23*y + 229. Calculate the remainder when 505 is divided by x(0).
22
Let t = -170 - -267. Suppose -13*s - t = -461. Calculate the remainder when 139 is divided by s.
27
Let u(h) = -h**2 - 18*h + 402. What is the remainder when u(-29) is divided by 9?
2
What is the remainder when ((-3)/7)/3 + 505648/364 is divided by 8?
5
What is the remainder when 4/8*(-6288)/(-5 + 3) is divided by 145?
122
Let c be (65 - -19) + 4/1. Let k(f) = -f**2 + 7*f - 12. Let x be k(12). Let v = c + x. What is the remainder when 45 is divided by v?
13
Let m(u) = -33 - 3 - 3*u**2 + 5*u**2 - 30*u. Let y = -248 - -265. What is the remainder when m(y) is divided by 4?
0
Suppose -s - 2*l + 22 = 1, l - 22 = -s. Let h = 14219 - 13945. Calculate the remainder when h is divided by s.
21
Suppose -12*i + 20 = -17*i. Let n be 38/57*102/i. Let p = n - -138. Calculate the remainder when p is divided by 31.
28
Let l = 581 - 540. Let d be (-43)/(-6) + 15/(-90). Calculate the remainder when 160 - d/((-21)/9) is divided by l.
40
Let q(g) = 8*g**2 + 83*g - 42. What is the remainder when q(-15) is divided by 20?
13
Let j = -256 + -264. Let z = -378 - j. What is the remainder when z is divided by 34?
6
Let n(d) = 0*d**2 - 31*d - d**2 - 6*d**2 + 8*d**3 + 13 - 7*d**3. Let l be n(10). Suppose -7*a + 200 = l*a. Calculate the remainder when 98 is divided by a.
18
Let f(l) = -2*l**2 + l - 9. Let w be f(-6). Let h = w + 147. Let g(n) = -n**3 + 4*n**2 + 2*n + 1. What is the remainder when h is divided by g(4)?
6
Let h be (-6096)/18*18/(-12). Suppose -2*n - f + 205 = 0, 5*n - h = -7*f + 6*f. What is the remainder when n is divided by 28?
17
Let x(b) = b**3 - 14*b**2 + b + 87. What is the remainder when 300 is divided by x(14)?
98
Let n be 1926/5 - 1/(-35)*-7. Suppose n = 7*p - 280. Calculate the remainder when p is divided by 33.
29
Suppose -49606 - 7251 = -65*o + 11198. Calculate the remainder when o is divided by 25.
22
Suppose -4*i + 13 = -8*q + 7*q, 0 = 4*i - 3*q - 15. What is the remainder when 373 is divided by i?
1
Let r be ((-3)/18 + (-7)/(-6))*1. Let w = 6 - 2. Suppose 0 = 3*l, w*l + l + r = m. What is the remainder when 4 is divided by m?
0
Let w = 47 - 43. Suppose 0 = -2*g + w*i + 31 + 5, 5*g - 4*i - 108 = 0. Suppose -g = -10*r + 76. What is the remainder when 207 is divided by r?
7
Let p(t) be the second derivative of -t**3/6 + 3*t**2 - 19*t. Let q be p(4). Suppose q*g = 4*g - 44. What is the remainder when g is divided by 5?
2
Let p(v) = -5*v**2 - 15*v - 4. Let h = -4 - 0. Let s(r) = -6*r**2 - 16*r - 5. Let q(w) = h*s(w) + 5*p(w). Calculate the remainder when q(-8) is divided by 13.
11
Suppose -33*u + 104 + 688 = 0. Let g(o) = 0 + 6 - 7*o + 1. What is the remainder when g(-5) is divided by u?
18
Suppose 4*g - 4*f - 136 = 0, 4*g - 167 + 7 = -2*f. Suppose 5*v - 2*p = -5, 0 = 4*v - 5*p + 30 - 9. What is the remainder when g is divided by 3 + 1 + (2 - v)?
3
Let o = -49 + 155. Suppose 2509*v - 36 = 2500*v. Suppose -v*a + z + o = -z, a = 2*z + 19. What is the remainder when a is divided by 8?
5
Let u(k) = -k**3 - 6*k**2 - 6. Let s be u(-6). Let g(b) = -13*b - 8. Let x(j) = 18*j - 588. Calculate the remainder when g(s) is divided by x(34).
22
Suppose 2*w + y = 44, -2*y = -4*w + 73 + 23. Let p = 130 + -64. What is the remainder when p is divided by w?
20
Let s = -848 + 483. Let b = 409 + s. Calculate the remainder when